0
Calculate the remainder when 8784792 is divided by 60.
12
Calculate the remainder when 8533 is divided by 1410.
73
What is the remainder when 1562727789 is divided by 3107?
3106
What is the remainder when 404581 is divided by 1964?
1961
What is the remainder when 280365 is divided by 93448?
21
What is the remainder when 8949756 is divided by 1748?
1744
Calculate the remainder when 15555572 is divided by 3888876.
68
Calculate the remainder when 1330354 is divided by 202.
184
What is the remainder when 3156074 is divided by 17341?
12
Calculate the remainder when 248237 is divided by 856.
853
What is the remainder when 9541356 is divided by 9540864?
492
What is the remainder when 6376943 is divided by 7?
6
Calculate the remainder when 49440 is divided by 24669.
102
What is the remainder when 25332 is divided by 99?
87
Calculate the remainder when 121725 is divided by 2342.
2283
What is the remainder when 1100754 is divided by 57934?
8
Calculate the remainder when 194629 is divided by 38922.
19
Calculate the remainder when 490257 is divided by 1568.
1041
Calculate the remainder when 36229 is divided by 8887.
681
Calculate the remainder when 241048 is divided by 2988.
2008
Calculate the remainder when 2389686 is divided by 587.
9
Calculate the remainder when 43503 is divided by 4340.
103
Calculate the remainder when 17992964 is divided by 631.
630
Calculate the remainder when 623815 is divided by 1496.
1479
Calculate the remainder when 3699588 is divided by 17.
14
Calculate the remainder when 78027 is divided by 155.
62
Calculate the remainder when 2889006 is divided by 2728.
54
Calculate the remainder when 16865213 is divided by 2810865.
23
What is the remainder when 10664980 is divided by 5332485?
10
Calculate the remainder when 246421 is divided by 12318.
61
What is the remainder when 13094938 is divided by 110?
98
What is the remainder when 4821455 is divided by 168?
23
Calculate the remainder when 1850842 is divided by 133.
14
Calculate the remainder when 2634536 is divided by 570.
566
What is the remainder when 240606610 is divided by 1724?
1722
What is the remainder when 13251426 is divided by 26609?
144
Calculate the remainder when 24058913 is divided by 262.
239
Calculate the remainder when 6278491 is divided by 1.
0
Calculate the remainder when 14389 is divided by 1008.
277
Calculate the remainder when 3643849 is divided by 1315.
1299
What is the remainder when 157055 is divided by 4955?
3450
Calculate the remainder when 1825396 is divided by 53688.
4
What is the remainder when 766287 is divided by 170?
97
What is the remainder when 5782917 is divided by 642545?
12
What is the remainder when 32827 is divided by 7825?
1527
Calculate the remainder when 68151800 is divided by 221.
41
Calculate the remainder when 51926705 is divided by 86.
77
Calculate the remainder when 89937142 is divided by 207.
196
Calculate the remainder when 8417628 is divided by 654.
648
What is the remainder when 15877462 is divided by 5292470?
52
What is the remainder when 44350 is divided by 7210?
1090
What is the remainder when 1320189 is divided by 10002?
9927
What is the remainder when 689845 is divided by 13796?
45
Calculate the remainder when 2387738 is divided by 32.
26
Calculate the remainder when 3132997 is divided by 1566495.
7
What is the remainder when 9403374 is divided by 2945?
2934
Calculate the remainder when 287072 is divided by 18479.
9887
Calculate the remainder when 35084 is divided by 17335.
414
What is the remainder when 5654019 is divided by 839?
837
Calculate the remainder when 5074346 is divided by 18452.
46
What is the remainder when 1456623 is divided by 118?
31
Calculate the remainder when 1499994 is divided by 1500.
1494
What is the remainder when 163367319 is divided by 40?
39
Calculate the remainder when 8366777 is divided by 149.
129
What is the remainder when 307380144 is divided by 298?
296
What is the remainder when 16610 is divided by 16604?
6
What is the remainder when 29984935 is divided by 9799?
9794
Calculate the remainder when 100190 is divided by 15493.
7232
What is the remainder when 587146 is divided by 195699?
49
What is the remainder when 222405 is divided by 44477?
20
Calculate the remainder when 558552554 is divided by 1784.
1778
Calculate the remainder when 86816 is divided by 2759.
1287
Calculate the remainder when 11718389 is divided by 1641.
8
Calculate the remainder when 18209112 is divided by 82023.
6
What is the remainder when 5808084 is divided by 725984?
212
Calculate the remainder when 5173444 is divided by 1724463.
55
What is the remainder when 140005180 is divided by 17?
14
Calculate the remainder when 6079828 is divided by 113.
89
Calculate the remainder when 966459 is divided by 1264.
763
What is the remainder when 2788331 is divided by 15072?
11
What is the remainder when 54190515 is divided by 2336?
2323
Calculate the remainder when 100474 is divided by 940.
834
What is the remainder when 7556274 is divided by 7556231?
43
Calculate the remainder when 56038 is divided by 609.
10
What is the remainder when 13387 is divided by 2475?
1012
Calculate the remainder when 22535436 is divided by 344.
340
Calculate the remainder when 118002 is divided by 356.
166
What is the remainder when 14202 is divided by 150?
102
What is the remainder when 245854886 is divided by 4252?
4246
Calculate the remainder when 98637744 is divided by 7279.
15
What is the remainder when 108143 is divided by 35916?
395
Calculate the remainder when 29816411 is divided by 33.
20
Calculate the remainder when 699557 is divided by 94.
9
Calculate the remainder when 9281095 is divided by 415.
35
What is the remainder when 1800090 is divided by 75?
15
What is the remainder when 192945 is divided by 768?
177
What is the remainder when 85706 is divided by 455?
166
Calculate the remainder when 7776087 is divided by 100.
87
What is the remainder when 407333 is divided by 67881?
47
Calculate the remainder when 24987460 is divided by 534.
532
Calculate the remainder when 978986 is divided by 325735.
1781
What is the remainder when 171395 is divided by 144?
35
Calculate the remainder when 950849 is divided by 67916.
25
Calculate the remainder when 48506750 is divided by 16168910.
20
Calculate the remainder when 14991 is divided by 1223.
315
What is the remainder when 52537397 is divided by 41?
38
Calculate the remainder when 6431 is divided by 2952.
527
Calculate the remainder when 3091727 is divided by 1571.
1570
Calculate the remainder when 37633173 is divided by 25.
23
Calculate the remainder when 3578795 is divided by 328.
315
What is the remainder when 1117218 is divided by 7448?
18
What is the remainder when 211073039 is divided by 216?
215
Calculate the remainder when 7875760 is divided by 614.
596
What is the remainder when 3574405 is divided by 19?
11
What is the remainder when 2997571 is divided by 894?
883
Calculate the remainder when 1415555 is divided by 33.
20
What is the remainder when 288312784 is divided by 15216?
16
What is the remainder when 1555951 is divided by 1102?
1029
Calculate the remainder when 378792 is divided by 659.
526
What is the remainder when 2343990 is divided by 390661?
24
Calculate the remainder when 108725945 is divided by 1974.
1973
What is the remainder when 49004898 is divided by 417?
309
Calculate the remainder when 4715906 is divided by 23117.
38
What is the remainder when 366108327 is divided by 2470?
2457
Calculate the remainder when 207028 is divided by 835.
783
What is the remainder when 1482991 is divided by 313?
310
What is the remainder when 269000 is divided by 1747?
1709
What is the remainder when 6656504 is divided by 605135?
19
Calculate the remainder when 4120690 is divided by 128770.
50
What is the remainder when 6007369 is divided by 1025?
869
What is the remainder when 1729781 is divided by 144115?
401
What is the remainder when 86699 is divided by 40189?
6321
What is the remainder when 65859084 is divided by 136?
132
What is the remainder when 48514 is divided by 5777?
2298
What is the remainder when 20250105 is divided by 50?
5
Calculate the remainder when 142735 is divided by 35012.
2687
What is the remainder when 39959 is divided by 35983?
3976
Calculate the remainder when 490871 is